 by 118?
117
Let n(o) = -o**3 - 11*o**2 - 9*o - 5. Let b be n(-9). Let y = b + 163. What is the remainder when y is divided by 26?
25
Let y(s) = -s**2 - 14*s + 33. Calculate the remainder when 235 is divided by y(-11).
37
Let t(x) = -10*x**3 - 2*x**2 - 2*x - 1. Suppose -w + 0*w = u + 5, 3*u - 5*w - 17 = 0. What is the remainder when 16 is divided by t(u)?
7
Suppose -5 = -2*b + 1. Let r be (-1 + 4)/b*1. Calculate the remainder when (-10)/4*-8 + r is divided by 13.
8
Let x(h) = -3*h**3 + h**2 - h - 1. Let d be (-2)/4 - 3/6. Let n(q) = 3*q**3 - 2*q**2 - 3*q + 2. What is the remainder when n(2) is divided by x(d)?
0
Let u be (3/(-6))/(1/(-4)). Suppose -u*g + 29 = -29. What is the remainder when 17 is divided by g/5 + 1/5?
5
Calculate the remainder when -279*((-14)/6 + 2) is divided by 32 - (2 + 1 + -4)*0.
29
What is the remainder when (5 - 4) + (-12)/6*-118 is divided by 16?
13
Suppose -5*w = 5*f, 3*w - 3*f + 2*f - 4 = 0. Suppose 8*c = 9*c - w. What is the remainder when 1 is divided by c?
0
Let m = -27 - -32. Suppose -117 + 347 = m*r. Calculate the remainder when 181 is divided by r.
43
Let i(p) = -9*p - 1. Let h be i(1). Let r = 14 + h. Suppose 2*x = -2*x + 56. What is the remainder when x is divided by r?
2
Let l(q) = 12*q**2 - q + 1. Let p be l(1). Suppose 12 = -p*c + 9*c. Calculate the remainder when 27 is divided by (-5 - c)/((-2)/14).
6
Suppose -2*l = -g - 2169, 4*l - 3*g + 7 = 4340. What is the remainder when l is divided by 64?
63
What is the remainder when ((-58)/4)/(3/(-6)) is divided by 12?
5
Suppose 1 = -3*s + 2*u, -s + 4*u = 2*u + 7. Suppose s*g = -17 + 65. What is the remainder when 61 - 2/(-4)*0 is divided by g?
13
Let d = 129 + -69. What is the remainder when d is divided by (-1 + 0 - 0 - 3)*-8?
28
Suppose 0 = -5*g - 2*x + 37, 2*g + 26 = 4*g - 2*x. Calculate the remainder when 159 is divided by 15*g/(108/16).
19
Suppose 1 = -2*h + 19. Let n be (-8)/12*3 + h. Suppose -2*u = -n*u + 10. Calculate the remainder when u is divided by 2.
0
Let w(i) = -i**3 - 4*i**2 + 3*i - 5. Let h be w(-5). Suppose b = -2, -h*a = -5*b + b - 103. What is the remainder when a is divided by -6*((-6)/9)/1?
3
Suppose -6*p = -2*u - 134, -5*p + 2*u + 163 - 50 = 0. What is the remainder when 80 is divided by p?
17
Suppose -4*z + 234 = -118. What is the remainder when z is divided by 61/2 + 2/(-4)?
28
Let q = 43 + -30. Let r(o) = 41*o**2 - o. Let p be r(1). Let u = -36 + p. Calculate the remainder when q is divided by u.
1
Let h(s) = 29*s + 13. Suppose 0 = 4*r - 2*r - 4*w - 30, 0 = -2*r + 3*w + 31. What is the remainder when h(3) is divided by r?
15
Let o(s) = -s**2 - 5*s - 9. Let p be 2/((-2)/(-4) - 1). Let g be o(p). What is the remainder when 37 is divided by 1*g/2*-4?
7
Suppose -5*m + 74 + 31 = 0. What is the remainder when m*16/6*1 is divided by 19?
18
Suppose 54*f + 639 = 57*f. What is the remainder when f is divided by 36?
33
Suppose -3*w + 5*c + 346 = 0, 3*c + 223 = -4*w + 636. Calculate the remainder when w is divided by ((-3*72)/3)/(0 + 6/(-3)).
35
Let l(q) = -q**2 - 10*q - 14. Calculate the remainder when 328 is divided by l(-5).
9
Suppose -456 = -2*k - 254. Calculate the remainder when k is divided by 35.
31
Let x be (-28)/7 - (-318)/3. Let k = 151 - x. Calculate the remainder when k is divided by 13.
10
Let u(k) = k**3 - 42*k**2 - 62*k - 43. Calculate the remainder when u(44) is divided by 92.
89
What is the remainder when 176/6 - (14/6 + -2) is divided by ((-32)/(-48))/((-2)/(-30))?
9
Suppose -o = 5*j + 3*o - 39, 0 = -3*j - 2*o + 23. Let y(n) = j - 17 - 5*n + 13*n + 11. Calculate the remainder when 47 is divided by y(3).
22
Suppose 0*g = -g - 1. Let b be 60/18*(-3)/g. What is the remainder when b - -4*(-4)/(-8) is divided by 7?
5
Suppose 4*r - 4*z + 20 = 0, -3*r - r + 10 = z. Suppose 3 = 2*d + i, -2*d = -5*d - 3*i + 6. What is the remainder when d is divided by r?
0
Suppose -2*w + 32 - 6 = 0. Suppose 2*h + 0 = 4, 177 = 5*b + h. What is the remainder when b is divided by w?
9
Suppose 4 = -2*w + 4*w - q, 4*q + 6 = -2*w. Suppose w = -3*i + 34. Calculate the remainder when 21 is divided by i.
10
Let t = 3 - 18. Let r = 35 + t. Calculate the remainder when 96 is divided by r.
16
Suppose 0 = v - 188 + 156. Calculate the remainder when 62 is divided by v.
30
Suppose 0 = -0*t + 3*t + 9, 125 = 4*g - 3*t. What is the remainder when 86 is divided by g?
28
Suppose -h + 3*n = -20, -5*h + n + 58 = -h. Suppose -128*c = -126*c - 12. Calculate the remainder when h is divided by c.
2
Suppose -2*q - 2*g = -18 - 18, -88 = -5*q - 4*g. What is the remainder when 63 is divided by q?
15
Suppose -g - 4*d + 21 = 0, -g - 2 = d - 17. What is the remainder when 85 is divided by g?
7
Let l be (18/(-5))/(57/(-380)). Let p = l + -24. Suppose p*n = -3*n + 9. What is the remainder when 5 is divided by n?
2
Let b(c) = -c**2 - 5*c + 2. Suppose -5*d - 2*u = -150, -2*d + d = 5*u - 53. Suppose p - 43 = -d. What is the remainder when p is divided by b(-4)?
3
Let f(h) = -6*h**2 + 4*h**2 - 3*h + 3*h**2 + 4*h - 9. Suppose 0 = 2*q, 3*z - 2*q - 28 - 62 = 0. Calculate the remainder when z is divided by f(4).
8
Let l = -192 - -120. Let y = l + 124. Calculate the remainder when y is divided by 19.
14
Let x = -181 - -195. Calculate the remainder when 38 is divided by x.
10
Suppose -57*h = -64*h + 63. Suppose -36 = 2*x - 4*t + 2, -t + 2 = 0. Calculate the remainder when 72 is divided by (h - 0)/((-9)/x).
12
Let p be -4*3*1/(-2). Suppose p*o - 3*o - 27 = 0. Suppose 2*h - 2*r = 54, -15*r = 4*h - 17*r - 102. Calculate the remainder when h is divided by o.
6
Let n be (-4)/(5/(45/(-6))). Let s = 9 - n. Suppose 2*i - 32 = -4*o + 6*i, i = -s*o + 16. What is the remainder when o is divided by 4?
2
Suppose 28 = 5*c + 3. Suppose -5*m + 115 = -5*l, 0*m + c*m - 59 = 3*l. Let x = 45 + l. What is the remainder when 50 is divided by x?
16
Calculate the remainder when (2*-1 - -29) + (-101 - -104) is divided by 19.
11
Let x(i) = -i**2 + 14*i + 14. What is the remainder when 25 is divided by x(14)?
11
Suppose -5*k + 2 + 7 = 3*q, -3*k + 9 = 3*q. Suppose 8*m - 10 = q*m. Calculate the remainder when 8 is divided by m.
0
Suppose 0 = 3*n + 12, 0*w + 4*n = w - 49. Suppose 5*b + 20 = z, -5*z - 5*b + 37 + w = 0. What is the remainder when z is divided by 6?
3
Let k = -63 - -103. Calculate the remainder when k is divided by 7.
5
Let h(a) = a**2 + 7*a - 6. Let k be h(-6). Let n = 398 + -425. Let u = k - n. Calculate the remainder when 29 is divided by u.
14
Let t be ((-18)/(-12))/(3/156). Suppose -5*x - 20 = 0, 2*x + 167 = -m + 4*m. What is the remainder when m is divided by (-1)/2 - t/(-4)?
15
Let o = 14 + -12. Suppose -o*c - 124 = -22. Let u = c - -89. Calculate the remainder when u is divided by 13.
12
Let y(o) be the third derivative of 23*o**5/30 + o**4/24 - o**3/6 + 5*o**2. Suppose -9*k = -128 + 20. What is the remainder when y(1) is divided by k?
10
Suppose 4*n - 51 = 3*t, 2*n + 51 = 2*t - 5*t. Let c = 12 - t. What is the remainder when 6/15 + (-428)/(-5) - 0 is divided by c?
28
Let h(n) = -2*n**3 + 18*n**2 + 4*n + 21. Calculate the remainder when h(9) is divided by 29.
28
Let q(v) be the first derivative of 19*v**3/3 - 3*v**2 - 8*v + 39. What is the remainder when q(-2) is divided by 41?
39
Suppose 5*v + 51 = 2*i, -i - 4*v + 22 - 3 = 0. Let t = 71 - i. What is the remainder when t is divided by 25?
23
Suppose -3*d - 3*f = -246, 3*d - d = -f + 166. Let k = 120 - d. What is the remainder when k/10 - 9/15 is divided by 2?
1
Suppose -28*f = -20*f - 256. What is the remainder when 104 is divided by f?
8
Let w(i) = i**2 + 4*i. Let p be w(9). Suppose -3*x = -p - 24. Calculate the remainder when x is divided by 13.
8
Let g be 14/(-35) + 356/(-10). Let h = 57 + g. Suppose t - h + 3 = 5*z, 5*t - 4*z - 174 = 0. Calculate the remainder when t is divided by 14.
10
Suppose 0 = 9*u - 6*u. Suppose 0 = -5*f + 83 + 122. Calculate the remainder when f is divided by -1*((3 - 17) + u).
13
Suppose 3 = q - 3. Suppose i - q = -3. Suppose -124 + 52 = -i*d. What is the remainder when d is divided by 7?
3
Suppose -2*x + 51 = x. Suppose 5 = 2*y - 95. Let w = y - 40. Calculate the remainder when x is divided by w.
7
Suppose 9 = -0*i + 3*i. Let t(r) = r**3 - i*r - 7*r - r + 9*r**2 + 3. What is the remainder when 51 is divided by t(-10)?
12
S